9
Suppose 196*b = 205*b - 69462. What is the tens digit of b?
1
Let y = 7 + -3. Let t = 46 - y. Suppose 0 = -2*r - 3*u + t, 0 = -2*r + 6*r + u - 104. What is the tens digit of r?
2
Suppose -2*f - 43 + 75 = 0. Suppose -f*j = -12*j - 1580. What is the tens digit of j?
9
Let c(u) = -u**2 - 9*u - 4. Let v be c(-10). Let p = 44 + v. Let i = p - -24. What is the tens digit of i?
5
Let i(u) = -785*u + 1166. What is the hundreds digit of i(-2)?
7
Let f(s) = -133*s - 917. What is the tens digit of f(-60)?
6
Suppose -48*x + f = -52*x + 65183, 0 = 3*x + f - 48887. What is the thousands digit of x?
6
Let g = -984 - -640. Let r = g - -937. What is the hundreds digit of r?
5
Suppose -33396 - 6893 = -12*v + 3595. What is the hundreds digit of v?
6
Suppose -4 = 2*c - 3*v - 28, 2*c + 2*v - 24 = 0. Suppose -g - 4*l = 5, -1 = 5*g - 2*l - 2*l. What is the tens digit of g/(-4) + ((-837)/c)/(-1)?
7
Let z(k) = 73*k**2 + 99*k - 1125. What is the tens digit of z(12)?
7
Let n be 116 + -1*(-9)/(-3). Suppose -n*l + 114*l - 46 = 0. Suppose -542 = -4*g - l. What is the units digit of g?
4
What is the units digit of 5050/1515*(-44706)/(-5)?
4
Suppose -4*x + 48*r + 19408 = 46*r, 3*r + 14553 = 3*x. What is the hundreds digit of x?
8
Let a = 144 - 326. Let w = -102 - a. What is the units digit of w?
0
Let y = -773 - -7963. What is the hundreds digit of y?
1
Let c(s) = 2*s**3 - s**2 + 8*s + 33. Let o be c(6). Let j = 257 + o. What is the hundreds digit of j?
7
Let w(l) = 16*l**3 - 3*l**2 + 2297*l - 1 - 1 - 2292*l + l**2. What is the units digit of w(2)?
8
Suppose -3*w - 11 = -i, w - 2*w = -2*i + 47. Suppose -25467 = -13*z - i*z. What is the units digit of z?
3
What is the tens digit of ((-36680)/(-56))/(3/9)?
6
Let u(l) = -2*l + 30. Let f be u(6). What is the hundreds digit of (6/f)/(((-4)/1530)/(-2))?
2
Let s(n) = n**3 - 4*n**2 + 17*n - 1. Let b = 132 + -127. What is the units digit of s(b)?
9
Let t(r) = -6*r - 39. Let x be t(-7). Let o(i) = 99*i - 35. What is the tens digit of o(x)?
6
Let j(w) = -13*w - 10. Let b be j(-10). Suppose 9*o - 14*o = b. What is the units digit of o/30*-5*41?
4
Let x = -218 + 403. Let q = 234 - x. What is the units digit of q?
9
Let w be 2/6 - ((-52)/3)/2. Suppose w*v = 8*v + 15. Suppose v*n - 182 = 8*n. What is the units digit of n?
6
Let h be -1307 + ((-4)/10 - 28/(-20)). Let f = -919 - h. What is the tens digit of f?
8
Suppose -2*m + 6212 = -4*r, 8*r + 15530 = 5*m + 6*r. Let c = -2181 + m. What is the hundreds digit of c?
9
Let k(g) be the second derivative of 103*g**3/6 - 91*g**2 - g - 29. What is the thousands digit of k(12)?
1
What is the units digit of (-2)/(((-4)/(-92465))/((-42)/105))?
3
Let h be (23*4/16)/(6/48). Suppose -61*j + h*j = -2430. What is the units digit of j?
2
Suppose -32121 = -h + n - 6649, 5*h - 127392 = -3*n. What is the thousands digit of h?
5
Suppose -158 = -5*b + 37. Let u = -8 - -30. Let q = b - u. What is the tens digit of q?
1
Suppose 8386*t + 212932 = 4*q + 8382*t, -4*q - 4*t = -212884. What is the thousands digit of q?
3
Suppose 2*s + 8*f = 8066, 24*f + 4065 = s + 20*f. What is the tens digit of s?
4
Let c = -11594 + 39705. What is the units digit of c?
1
Let m(w) = -336*w + 214. Let s be m(-9). Let c = 5091 - s. What is the thousands digit of c?
1
Suppose -d - 4*d + 15 = 3*c, 5*d = -c + 5. Suppose -r - 2170 = -5*j + 3*r, 2*r = c*j - 2170. What is the tens digit of j?
3
Suppose 74123 = -17*a + 536387. What is the hundreds digit of a?
1
Suppose 11*s - 14535 - 45001 = 11942. What is the units digit of s?
8
Suppose -102958 - 145423 = -59*q + 489768. What is the thousands digit of q?
2
Let l = -17 + 20. Suppose l*w = 96 + 3. Suppose 3*g - 69 = -4*y, -g - 2*g + w = 2*y. What is the tens digit of y?
1
Suppose 978 - 31844 = -23*t. Let z = t - 446. What is the hundreds digit of z?
8
Suppose 5*f - 121551 = c + 5158, -c = -1. What is the ten thousands digit of f?
2
Let t = 131 + 20. Let d = 330 - t. What is the units digit of d?
9
Let v(w) = 2*w**2 + 2. Let r be v(3). Suppose 96 = 3*x + 21*x. Suppose x*b = r*b - 1808. What is the hundreds digit of b?
1
Let g be (-8)/20 + ((-1446)/(-5))/3. Let u = 96 - g. Suppose -2*c + 506 = -2*q - u*q, -4*q + 745 = 3*c. What is the tens digit of c?
5
Let n(d) = 1 + 280*d**2 + 0 - 291*d**2. Let x be n(-1). Let m(l) = -16*l - 51. What is the units digit of m(x)?
9
Suppose -2*w + 25 = 5*d - 6*d, -w = -3*d - 20. Suppose 3 = -3*y, -y = w*h - 7*h - 6395. What is the thousands digit of h?
1
Let j(v) = -134*v + 119. What is the units digit of j(-73)?
1
Let g(j) = -j**2 + 7*j. Let r be g(7). Suppose 2*m - 179 = -h, r*h + 4*h - 93 = -m. Suppose 5*a - 4*w = 376, 3*a - 4*w - 143 = m. What is the units digit of a?
2
Suppose -i + 12 = 10. What is the units digit of ((-442)/39)/(i/(-108))?
2
Let d(i) = 67*i**2 - 19*i + 561. What is the tens digit of d(15)?
5
Suppose -17*o = -427 - 967. Let u = -79 - -138. Let w = o - u. What is the tens digit of w?
2
Let f be -7*(-6 - 17244/21). What is the tens digit of f/21 - (-4)/14?
7
Let p(y) = y**3 + 45*y**2 + 192*y - 75. What is the thousands digit of p(-39)?
1
Let o = 129 - -183. Suppose -3*f + o = 3*w, -5*f + 4*w + 565 = -0*w. What is the tens digit of f?
0
Suppose -9543 + 39956 = k - 6217. What is the tens digit of k?
3
Suppose 39177 + 407 = 4*h + 4*t, -5*t - 9872 = -h. What is the units digit of h?
2
What is the hundreds digit of (-105)/(-5)*25/10*96?
0
Let m = -44149 - -78524. What is the thousands digit of m?
4
Suppose 0 = 203*g - 204*g - 12. Suppose 17 = -v + 1. What is the tens digit of (-909)/g - 4/v?
7
Suppose -2*g = 5*x - 4*x + 3, -x + 21 = -4*g. Suppose -7*n - 90 = -x*n. Let l = n - -92. What is the units digit of l?
7
Suppose 5*b = -3*x - 0*x + 14, -5*b + 5*x + 30 = 0. Let n be b + -3 + 4 + 48. Let k = n + -5. What is the units digit of k?
8
Let f be (-27)/(-3)*4/6. Suppose f*m = m - 4*d - 2, 0 = 3*m - d + 8. What is the tens digit of m/14 - (-5552)/56?
9
Let r(b) = 117632 + 55*b - 117869 - 20*b. What is the units digit of r(22)?
3
Suppose -177*h = -180*h + 1497. Suppose 10*g = 9*g - l + h, l + 505 = g. What is the tens digit of g?
0
Let v = 42457 + -29245. What is the thousands digit of (-5 - -2)*v/(-27)?
1
What is the units digit of ((45/(-10))/9)/2 + (-23700)/(-16)?
1
Let m(j) be the second derivative of -j**4 + 7*j**3/6 + 13*j**2/2 + 27*j. Let t be m(-5). Let r = t + 466. What is the hundreds digit of r?
1
Let v(p) = -9*p**2 - 1415*p + 207. What is the hundreds digit of v(-103)?
4
What is the hundreds digit of (-18)/(-5)*(-281440)/(-24)?
2
Let q(a) = 42*a + 3 + a**3 - 19*a**2 - 34 - a**3 + 2*a**3 - 10*a. What is the tens digit of q(12)?
7
Suppose 4*g = -5*k + 9, -2*k + 6 = -2*g + 4*g. Let y(r) = 9*r - 51. Let w be y(g). Suppose 494 = 2*p - 5*j, 227 - 926 = -w*p - 3*j. What is the tens digit of p?
3
Let y(u) = -2*u - 15. Let p be y(-9). Suppose -2*v = 3*v + d - 2067, -d = p. Suppose -3*r + 114 = -v. What is the units digit of r?
6
What is the tens digit of ((-5 - -3) + 35/14)/((-3)/(-11538))?
2
Let s = 521 + 1413. Suppose 1356 = -7*r - s. What is the units digit of -28*(r/72 + 4/(-18))?
9
Let n be 2/(((-12)/(-8))/3) - 3. What is the units digit of (255 - (n - -2))*18/24?
9
Suppose 64 - 94 = 5*f. Let i(v) = -v**2 - 14*v - 21. What is the tens digit of i(f)?
2
Let p(d) = -12*d**3 + 4*d**2 + 5. Let x be p(4). Let h = -359 - x. What is the tens digit of h?
4
Suppose 3*u - 98*d = -101*d + 64167, -4*u = 3*d - 85548. What is the thousands digit of u?
1
Suppose 1222696 = 91*m - 120373. What is the thousands digit of m?
4
Suppose 2518*q - 2509*q - 92529 = 0. What is the tens digit of q?
8
Let n(o) = 14*o**2 + 3*o - 11. Let k(m) = 27*m**2 + 6*m - 21. Let b(x) = 3*k(x) - 5*n(x). Let g be (77 + -82)*8/(-10). What is the hundreds digit of b(g)?
1
What is the units digit of -7*13/((-455)/50) - -24465?
5
Let m(w) = -3*w**2 + 6*w - 3. Let u be m(3). Let t(y) = y + 14. Let d be t(u). Suppose 0*x - d*x = -116. What is the units digit of x?
8
Suppose 14 = 4*c + 2*i, -3*i = -3*c - 2*i + 23. Suppose 7*d - 3354 = -c*d. What is the tens digit of d?
5
Suppose 2*t = 626 - 2048. Let p = t - -1070. What is the units digit of p?
9
Suppose 9*r = 12*r + 447. Let t = 509 - 258. Let j = r + t. What is the tens digit of j?
0
Let u(f) = f**2 + 8*f + 2. Let h be u(-6). Let k(a) =